nd derivative of -i**4/4 + i**3/6 - i**2/2 + 27*i. Let h be g(4). Let d = h - -65. Calculate the highest common divisor of 60 and d.
20
Suppose -3*i = -i - 2*x - 8, 0 = -5*i - 4*x + 2. Suppose -a + 2*k = -460, 0*k + 948 = i*a + 3*k. What is the highest common divisor of a and 9?
9
Suppose -4*y = -2*q - 382, -q - 3*y + 29 - 245 = 0. Let x = q - -253. Calculate the highest common factor of x and 234.
26
Let i(f) = -25*f + 43. Let o be i(-5). Let c = 438 - o. Calculate the highest common factor of c and 10.
10
Let a be 4 - ((9 - 10) + -167 + 5). What is the greatest common factor of a and 3?
1
Let w be -5 + 9 + 262 + 6. What is the highest common factor of w and 629?
17
Let b(f) = 3*f - 8. Suppose 15*x - 62 = -2. Let r be b(x). Calculate the greatest common factor of r and 3.
1
Suppose 2*u + 3*p = 165, -5*p - 40 - 10 = -u. What is the highest common factor of u and 45?
15
Let y(m) be the third derivative of m**5/60 - 5*m**4/24 + m**3/6 - 4*m**2. Let x be y(5). Let v be (0/4 + 16)*x. What is the greatest common divisor of v and 8?
8
Let h = -27 + 28. Let q(x) = 2*x - 3*x**3 - 3*x + x**3 - 9*x**2 + h. Let m be q(-7). Calculate the greatest common factor of 23 and m.
23
Let o(q) = -q**2 + 5*q + 93. Let g be o(12). What is the highest common factor of g and 750?
3
Let c(a) = -a**3 + 11*a**2 + 2*a - 9. Let v be c(9). Let q = v + -72. Let t = q + -49. Calculate the highest common divisor of 20 and t.
10
Suppose -28 = w - 13. Let a be (-110)/(-132) - (w/18)/5. What is the highest common divisor of a and 26?
1
Suppose 0 = d + 264 - 81. Let s = 273 + d. Suppose 6*r = 2*r - 3*n + 69, 5*n = -5*r + s. What is the greatest common divisor of r and 20?
5
Let h = 813 + 782. Let z = h - 1474. Let d(r) = r**3 - 6*r**2 + 6*r + 6. Let f be d(5). Calculate the highest common factor of f and z.
11
Let r(s) = 7*s**2 + s - 3. Let m be r(1). Suppose m*a = 17*a - 2040. Calculate the greatest common factor of 51 and a.
17
Suppose g = 5*g + 8, p = -4*g + 6. Let n(y) = -19*y - 6. Let a be n(-4). What is the highest common divisor of p and a?
14
Let o be ((-4)/(-7)*-5)/((-21)/147). Suppose 2*s - o = -10. What is the highest common factor of 145 and s?
5
Suppose 4*p + 3*h - 1 + 13 = 0, -8 = -4*p + 2*h. Suppose 76 = -p*k + 4*k + 5*q, 4*k - 5*q = 116. What is the highest common factor of 84 and k?
12
Suppose -2*i = -78*r + 75*r + 202, 0 = -3*r - 2*i + 230. Calculate the greatest common divisor of r and 1854.
18
Suppose 0 = 7*m - 5*m - 2*w + 158, -5*w - 375 = 5*m. Let r be (92/(-5))/((-3)/15). Let y = m + r. What is the greatest common divisor of 150 and y?
15
Let a(p) = -p**2 + 5*p + 2. Let y be a(5). Let s = 1 + y. Suppose -30 = -5*q + s*q. What is the highest common factor of 120 and q?
15
Let g = -99 - -117. Suppose g*p - 12 = 6. Let t be p + (54 - 10/2). What is the greatest common divisor of 2 and t?
2
Let z be 0*5/25 - -201. What is the greatest common factor of z and 39?
3
Let o(a) = 9*a - 3 + 7*a - 14*a + 12. Let z be o(-4). Let g be z/(1/9) + -4. What is the highest common factor of 40 and g?
5
Let v = 111 + -39. Let c = -122 + 144. Let i be (-12)/(5 - 11) - (0 - c). What is the highest common factor of i and v?
24
Let h(c) = -29*c + 17. Let x be h(-1). Suppose -m = -5*d - 124, -4*d - 4 = -0*d. Suppose m = 5*o - x. Calculate the highest common divisor of o and 11.
11
Let y = -6721 - -6817. What is the highest common factor of y and 57?
3
Let f(j) = -3*j - 7. Let h be f(-2). Let d(r) = -665*r**3 - 2*r - 3. Let n be d(h). Calculate the highest common factor of n and 8.
8
Let q(f) = f**3 + 7*f**2 - 8*f + 3. Let n be (-8)/2 + -6 + 4. Let m be q(n). Let k = 107 - m. What is the greatest common divisor of k and 100?
20
Suppose 3*h + 849 = 3*y, -3*h + 1174 = -84*y + 88*y. What is the highest common factor of 1649 and y?
17
Suppose -3*p + 7*p = 0. Let x be 0 - (-6)/(12/4). Suppose 0 = 3*r - p*y - 2*y - 9, 4*y = x*r - 6. Calculate the greatest common factor of r and 2.
1
Suppose 58*k - 180096 = -46*k - 8*k. Calculate the greatest common factor of 264 and k.
24
Suppose 0 = 20*l - 78949 + 17749. What is the highest common divisor of l and 45?
45
Suppose 14*s - 43*s + 174 = 0. What is the highest common divisor of 1563 and s?
3
Let u be (63 + -23)/(30/108). What is the greatest common factor of 11736 and u?
72
Suppose 3*q - 8*q + 25 = 0. Suppose q*x = 2*x - 375. Let c = 191 + x. What is the highest common divisor of 6 and c?
6
Let b be 12/5*(-470)/(-141). What is the highest common divisor of 388 and b?
4
Suppose 62*q = 67*q - 735. Calculate the highest common factor of 161 and q.
7
Suppose -4*a + 3*q = -7, 0 = -3*a + q - 3*q + 18. Let y be a + -6*(-1)/(-1) - -38. What is the highest common factor of y and 18?
18
Let w be (-8)/(-10) + (-11134)/(-95). Let o = w + 50. Let r be -24*(-1 + 0/(-3)). What is the highest common factor of o and r?
24
Let q(v) = 24*v + 14. Let r(z) = 6*z + 3. Let o(s) = -2*q(s) + 9*r(s). Let m be o(1). Calculate the greatest common divisor of m and 45.
5
Let y = -263 + 269. Suppose 6*u = 5*u + 5*n + 38, 8 = -2*n. What is the highest common divisor of u and y?
6
Let h be (5 + -1)*(-7)/(-28). Let w be 87*3/36 + h/(-4). Suppose 3*a = w*a - 440. Calculate the greatest common divisor of a and 10.
10
Let p(h) = h**3 - 11*h**2 - 85*h + 61. Let b be p(17). Calculate the highest common divisor of b and 182.
14
Let l = 401 - 271. Let d be 228/(-4 - (3 + -8)). Let z be (-8)/(-44) + d*15/66. Calculate the highest common factor of z and l.
26
Suppose -8*v + 5*v + 15 = 0. Suppose -v*p + 210 = k, 4*p = 4*k + 145 + 23. Suppose 0 = 6*j - p - 78. Calculate the greatest common factor of j and 180.
20
Let b = -850 + 884. Suppose 0 = 159*f - 142*f - b. Calculate the greatest common factor of f and 98.
2
Let n(j) = -50*j + 3206. Let w be n(41). What is the highest common factor of w and 204?
68
Suppose -3*s - 4560 = -6*s. Let p be s/48 + (-2)/(-6). Calculate the highest common divisor of p and 96.
32
Suppose 25*o - 156 = 19*o. Let g be 10/15*-1*1*-6. Suppose d = g*b - 157, b - 44 = 3*d + 2*d. Calculate the highest common factor of b and o.
13
Let y = 434 - 434. Let h(q) = q**2 + 3*q + 30. Let u be h(y). Calculate the greatest common factor of u and 50.
10
Let q(w) = 261*w**3 + w**2 - 2*w + 2. Let y be q(1). Suppose -4 = 8*k - 9*k, 3*k = -5*i + y. What is the greatest common divisor of i and 275?
25
Let g be (-294)/(-2) - (-6)/(-2). Let d = -8747 + 8759. What is the highest common factor of g and d?
12
Suppose -291 = -5*c + 514. Let r = c - 125. Let q = 33 + -9. Calculate the greatest common factor of q and r.
12
Let f be -1 + 1*-3 - (-12 + 9). Let o(r) = -15*r**3 - 2*r**2 - 5*r - 2. Let j be o(f). Suppose -200 = -4*p - p. What is the highest common divisor of j and p?
8
Suppose 44 = 23*r - 19*r. Suppose 128 = r*f - 7*f + 5*y, 0 = -f - 2*y + 35. What is the greatest common factor of f and 351?
27
Suppose 3*p = 2*p + 5, 5*p = -s + 16. Let z(f) = f**2 + 6*f - 22. Let w be z(-9). Let u be s/3 + w + 40. What is the greatest common factor of 21 and u?
21
Let m(f) = 80*f**3 - 2*f - 1. Let r be m(-1). Let h = -61 - r. Let j be h/(-1)*(-50)/6. What is the greatest common divisor of j and 6?
6
Suppose -660 = -8*v + 2316. Suppose 9*y = 3*y + v. Calculate the highest common factor of y and 31.
31
Suppose -29051 = -291*o - 12550 + 36461. What is the greatest common factor of 2080 and o?
26
Suppose 72 + 0 = 9*d. Let k be 4/14 + 162/21. Calculate the highest common factor of d and k.
8
Let q be ((-16)/(-12) + -1)/(158800/(-12216) + 13). Calculate the highest common divisor of q and 2.
1
Let s(h) = 8*h + 8 + 5*h**2 - h**2 + 2*h**2. Let d be (-12)/(-18) - 10/6. Let j be s(d). Calculate the greatest common factor of 12 and j.
6
Suppose -2*q - d + 19 = 0, 3*q - 32 = -d - 5. Let m(u) = -u**3 + 11*u**2 - 25*u + 12. Let n be m(q). What is the highest common divisor of n and 7?
1
Let j be (-3)/3*-3*4/3. Suppose u + 22 - 64 = 2*p, j*p = -12. What is the greatest common divisor of u and 45?
9
Let n(i) = -i**3 + 6*i**2 + 10*i - 1. Let s be n(7). Let x = 256 + -105. Let j = x - 147. What is the greatest common divisor of j and s?
4
Suppose -18*w - 7 = 11. Let k(q) = 17*q**2 + 2. Let c be k(w). Suppose -5*j - c - 10 = -3*a, 0 = -4*a - 3*j. What is the highest common factor of 12 and a?
3
Let h(t) = 2*t